Climatological Summary for Year 2014

NAME:Lexington, MA
ELEV:220 feet
LAT:42-27.75 N
LONG:071-14.05 W

Temperature (°F)

Year Month Mean Max Mean Min Mean Heat deg days Cool deg days High Day Low Day Max >= 30 Max <= 30 Min <= 0 Min <= -20
2014 01
2014 02
2014 03 42.2 22.5 31.8 957.9 0.0 58.3 28 3.7 04 0 4 21 0
2014 04 58.7 36.3 47.2 534.2 0.0 76.7 14 26.1 18 0 0 9 0
2014 05 69.0 47.2 57.8 238.3 13.8 86.8 12 36.6 29 0 0 0 0
2014 06 78.9 55.8 67.3 35.9 103.4 88.6 29 42.1 01 0 0 0 0
2014 07 82.9 63.3 72.6 0.0 236.8 92.2 02 54.1 25 3 0 0 0
2014 08 79.9 57.9 68.2 10.5 110.0 89.7 26 49.5 19 0 0 0 0
2014 09 74.1 52.1 62.5 147.0 72.4 90.4 02 36.4 20 1 0 0 0
2014 10 63.1 45.4 54.0 349.2 7.9 80.8 15 33.3 20 0 0 0 0
2014 11 48.6 30.8 40.1 747.7 0.0 64.7 24 15.0 29 0 0 15 0
2014 12 41.9 29.2 35.3 920.1 0.0 62.9 01 12.5 31 0 3 19 0
64.1 44.2 53.7 3940.8 544.4 92.2 Jul 3.7 Mar 4 7 64 0

Precipitation (in)

Days of rain over
Year Month Total Max observe day Date 0.01 0.10 1.00
2014 01
2014 02
2014 03 5.08 2.29 30 12 6 1
2014 04 3.81 0.78 15 14 9 0
2014 05 3.31 0.80 17 17 6 0
2014 06 2.41 0.83 26 8 6 0
2014 07 7.38 1.56 28 11 9 4
2014 08 3.47 1.59 13 9 5 1
2014 09 1.13 0.65 06 9 3 0
2014 10 5.33 2.59 23 16 7 1
2014 11 3.98 1.41 17 13 10 1
2014 12 5.72 2.99 09 16 9 1
41.62 2.99 Dec 125 70 9

Wind Speed (mph)

Year Month Average High Date Dom. direction
2014 01
2014 02
2014 03 2.7 31.0 26 257
2014 04 3.1 37.0 15 220
2014 05 2.2 31.0 04 212
2014 06 2.1 25.0 18 213
2014 07 2.4 30.0 03 227
2014 08 1.7 21.0 13 212
2014 09 1.5 23.0 02 223
2014 10 2.1 27.0 22 228
2014 11 2.4 29.0 20 241
2014 12 2.1 25.0 09 268
2.2 37.0 Apr 232