Climatological Summary for Year 2016

NAME:Lexington, MA
ELEV:220 feet
LAT:42-27.75 N
LONG:071-14.05 W

Temperature (°F)

Year Month Mean Max Mean Min Mean Heat deg days Cool deg days High Day Low Day Max >= 30 Max <= 30 Min <= 0 Min <= -20
2016 01 38.1 22.3 30.2 1078.2 0.0 58.4 10 6.8 05 0 8 28 0
2016 02 44.2 21.6 33.0 927.4 0.0 65.0 01 -10.4 14 0 6 22 3
2016 03 51.6 32.5 41.7 720.3 0.0 78.5 09 18.1 03 0 1 16 0
2016 04 57.8 35.0 46.3 559.7 0.0 81.1 22 16.7 06 0 1 12 0
2016 05 68.9 47.8 57.9 258.4 38.6 93.3 28 37.5 10 1 0 0 0
2016 06 79.0 56.0 67.1 33.8 97.5 89.5 26 48.6 11 0 0 0 0
2016 07 85.0 62.8 73.8 9.3 282.6 94.7 25 53.5 20 11 0 0 0
2016 08 85.6 62.7 74.1 0.0 282.9 95.7 12 51.3 23 3 0 0 0
2016 09 75.2 55.8 64.9 85.7 83.5 91.0 09 36.9 26 1 0 0 0
2016 10 62.9 42.6 52.5 391.1 4.5 80.2 19 27.2 27 0 0 4 0
2016 11 53.5 34.1 43.3 652.7 0.0 69.4 02 26.3 28 0 0 15 0
2016 12 40.4 24.6 32.6 1005.1 0.0 56.6 27 2.5 16 0 4 25 0
61.9 41.5 51.5 5721.6 789.6 95.7 Aug -10.4 Feb 16 20 122 3

Precipitation (in)

Days of rain over
Year Month Total Max observe day Date 0.01 0.10 1.00
2016 01 2.40 1.07 10 15 3 1
2016 02 2.99 1.15 16 11 5 1
2016 03 3.65 1.01 15 12 7 1
2016 04 2.75 1.01 07 14 8 1
2016 05 1.54 0.35 02 13 6 0
2016 06 1.11 0.62 05 6 3 0
2016 07 0.92 0.24 01 13 4 0
2016 08 1.69 0.71 10 8 3 0
2016 09 1.81 0.55 19 12 6 0
2016 10 5.18 1.43 21 13 7 2
2016 11 4.11 2.38 15 9 4 1
2016 12 3.14 0.79 29 13 8 0
31.29 2.38 Nov 139 64 7

Wind Speed (mph)

Year Month Average High Date Dom. direction
2016 01 3.0 35.0 19 247
2016 02 3.3 51.0 25 233
2016 03 3.1 42.0 31 234
2016 04 2.8 33.0 01 208
2016 05 2.2 30.0 15 222
2016 06 2.2 24.0 09 209
2016 07 1.9 24.0 01 224
2016 08 2.0 24.0 12 221
2016 09 1.6 25.0 11 202
2016 10 1.7 28.0 23 234
2016 11 2.0 36.0 20 247
2016 12 2.9 31.0 15 246
2.4 51.0 Feb 232